+ -8 + (-9 - -31) - -6?
-41
What is 1 - 4 - (2102 - 2127)?
22
-7 - (-8 - -29) - 0 - (1 - -1)
-30
What is the value of (-1 + -18 - -17) + -10 + 4 + 18?
10
Evaluate 113 + 28 + (-24 - 13) + -8.
96
(67 - (-1 + 6)) + -28 + 23
57
What is the value of -287 + (57 - -1) + 110?
-119
Calculate -22 + (43 - (-11 + 24 + 7)).
1
What is -77 + (185 - 46) - 95?
-33
What is the value of -1 - (136 - 0 - 1) - (118 - 501 - -371)?
-124
What is the value of -52 + 50 + -9 + -41?
-52
-66 + 173 - (-7 - -10 - -5 - 6)
105
What is the value of (-6982 - -6953) + (-2 - 113)?
-144
Calculate -1027 + 1043 - (-2 - 8).
26
Evaluate -368 + 349 + 2 + 26 + 39.
48
What is the value of (-3 + -28 - 6) + 89?
52
What is -6000 - -6015 - (4 + -2 - -53)?
-40
Calculate 7 + -1 - (8 + -8) - (491 - 482) - -50.
47
What is the value of -6 + (-6 - (-15 + (-3 - -2) + -21 + 28))?
-3
What is -41 + 37 + (8 + -9 + 3 - 44)?
-46
Calculate (7 - (-6 + 2)) + (23 - -1).
35
Calculate 173 + -90 + (8 - 6).
85
Calculate (-28 + 39 - 39) + 62.
34
Evaluate (0 - -1) + (13 + (2 - 17) - 4) + -48.
-53
What is (-17 - 2) + (202 - (87 + -39)) + -18?
117
What is -144 + 187 + -82 - 12?
-51
Calculate -800 - -837 - (4 - (18 - (0 - -4))).
47
Calculate -37 + 55 - -40 - 95.
-37
-7 - -7 - (26 - (1 + 8))
-17
What is (-9 - (15 + (-6 - (3 + 15)))) + -1 + 0?
-1
Calculate 253 - (61 - -87 - -4).
101
13 - (26 + (-309 - -318) + -22 + 0)
0
Calculate (8 - -3 - (58 + -57)) + 40.
50
What is 67 - (35 + -20 + 34)?
18
What is 131 - 87 - (-28 - 11)?
83
Evaluate 24 + -7 - (77 + -52).
-8
Evaluate -1 + -1 + (52 - (10 + -4 + 8)) + -23.
13
Evaluate -88 + -4 + 17 + 1 + 28 + (-79 - -18).
-107
What is the value of -71 - 9 - ((-9 - 0) + (-1 - -6) + 2)?
-78
What is the value of (-27 + -19 - -14) + 113 - 5?
76
Evaluate 1 + -9 - (-41 - (-54 + -5)).
-26
Evaluate (-2 - (-15 - 7) - (14 + 41)) + -9.
-44
Calculate 205 - (-6 + 60 + 45).
106
What is 37 - (6 - -121 - (-30 + 32))?
-88
What is the value of 66 - -71 - 72 - 17?
48
Evaluate 38 - (-20 + -3 + -20 + 30).
51
Calculate 15 + (2 + 11 - (21 + -12)) + (1 - 9).
11
Evaluate 28 - 39 - -15 - 135.
-131
-91 - ((17 - 8) + (-1 - -10))
-109
What is the value of 68 - -3 - (774 + -680)?
-23
What is the value of 46 + -37 + (-40 - -17)?
-14
Calculate 4 + (-52 + 58 - (6 + 1 - (-60 - -55))).
-2
(-30 - 5) + 34 + -66 + -25
-92
What is the value of 1 + 3 - (-157 - (-158 + -22))?
-19
Evaluate -15 + -12 + 40 - (-5 + 32 + -9).
-5
What is -26 + 25 + 3 + 1 + (-4 + 16 - 64)?
-49
What is the value of 11 - (16 + 6 + 2)?
-13
Evaluate -35 + 45 + 53 - (-1 - -8).
56
Calculate -6 + (16 - 46) + 35 + (2 - (-2 - 60)).
63
What is 852 - 715 - (66 + 2)?
69
(0 - 2) + -11 - (-29 - -8 - 11 - -26)
-7
Evaluate -4 + 3 - -10 - (-5 - (-2 + 8)).
20
Calculate -14 + -75 - (8 + -3 + (0 - (-8 - -7))).
-95
Calculate (12 - (74 + 13)) + -3 - ((-6 - 7) + 8).
-73
What is the value of 25 + -11 + -5 - 8?
1
Evaluate -20 - (-4 - -4) - 25.
-45
Calculate (13 - -4) + (-5 - 0) - (672 + -745).
85
What is the value of -20 + (-130 - -142) + (10 - (-8 + 15))?
-5
What is the value of (108 - (4 - (8 + -10 + (24 - 12)))) + -3?
111
Calculate -20 + (-77 - (-84 - -34)).
-47
What is 13 + -26 + 8 - (3 + -17) - 13?
-4
What is 80 - ((-35 - 3) + 33 + (2 - 1))?
84
Calculate 5 + (-1 + -7 - (-72 - -65)) - 1.
3
What is the value of (0 + -7 - -3) + (-2 - -5) + (4 - 69)?
-66
Evaluate (-32 + 46 - -17) + -2.
29
What is -10 + (7 - (12 - 5)) + -23?
-33
Evaluate -2 + -105 + (55 - (67 - 36)).
-83
What is the value of -79 + 4 + 94 + -69?
-50
What is the value of -71 - (66 - 15 - -2)?
-124
Evaluate (-1 - -4 - (1 - 5)) + (-31 - -47).
23
What is (-57 - (-12 + -148)) + -143?
-40
What is -52 - (50 + 19 + -92)?
-29
84 - (42 - (41 - 38) - 21)
66
-29 - -43 - (18 - 10) - -11
17
What is (-198 - (-286 - -151)) + 86?
23
What is -2108 - -2204 - (-3 - -15)?
84
-75 + 41 - (-50 - -1)
15
What is the value of (-10 - -15 - 11 - 30) + 18?
-18
Calculate -25 + (-76 - (-15 + -27)) - 39.
-98
Evaluate -48 + (-23 - (10 + -20)).
-61
Evaluate 131 - (41 + -73 + 77).
86
What is the value of -88 + 74 - ((23 - 19) + 1 + 7)?
-26
What is (-26 + -13 + 26 - -6 - -9) + 38?
40
Calculate -60 - -60 - (-4 + (7 + -3 - 60)).
60
Calculate (12 + -12 - (5 + -8 - -13)) + 86 + 8.
84
20 - (5 - -8 - (16 + 1 + -4))
20
What is 7 - (14 + 25) - (5 - (-14 - 3))?
-54
What is the value of -12 + -1 - (-94 - -114 - (-10 + (46 - 14)))?
-11
What is the value of -33 + (-4 - -3) + -3 + 6 - (3 - -3)?
-37
What is 11 - (-21 + (19 - (-5 + 0)) + -105)?
113
Evaluate 45 - (15 - -10 - -96).
-76
Evaluate -411 + 477 - (13 - 3).
56
Evaluate -10 + -3 - 0 - (-1 + 14 - (7 + -12)).
-31
(2 - 3) + -70 + (3121 - 3130)
-80
What is the value of 348 + -321 - (-2 + 7 - -47)?
-25
-24 - ((35 - 121) + -25 + 8)
79
Calculate 0 + (4 - 2) + -27 + 28 + -36.
-33
Evaluate -4 - (12 + -54 + 39).
-1
Calculate -7 + 4 - (-25 + 39 + -12) - -30.
25
-9 + (2 - -8) + -13 + 24 - (-1 + -13)
26
Evaluate -30 + 15 + 59 + (8 - (3 + -3 - 2)).
54
Calculate 2 + 40 - (82 + (63 - 121)) - 12.
6
What is 66 + (144 + 15 - 110)?
115
-41 - (8 - (32 - (12 + 11)))
-40
What is the value of -4 + -162 - (7158 + -7213)?
-111
What is the value of -9 - (121 - (-28 - -12 - -31))?
-115
What is (-4 - -3 - (17 + -36)) + -14?
4
Evaluate 19444 + -19574 + (32 - 1).
-99
What is the value of -38 + 125 - 27 - 53 - (1 - 52)?
58
Evaluate (-5 - -43) + -24 - (0 + 4) - (1 + 3).
6
What is the value of 2 + (3 - (-10 - -56) - (29 - 29))?
-41
Evaluate (-46 - (-24 - 9)) + (19 - -1) - -7.
14
What is the value of 1004 + -1002 - (0 - -28)?
-26
What is the value of -14 + 1 + (19 - (9 + -11 + -5))?
13
Calculate (27 - -31) + -14 - 33.
11
(-14 - (-1 + 0)) + (-196 + -494 - -715)
12
What is the value of (0 + 9 + 11 - -25) + (-1 - 14)?
30
(8 - (-4 + 12)) + -61 + 22 - 12
-51
Calculate -20 + (-41 - -23) - -38.
0
Evaluate 16 - (-51 - -70) - 28.
-31
What is the value of (-13 - -5 - -9) + 0 + 11 + -1 + 2?
13
What is -3 + -1 + -5 + (0 - 12 - (-30 + 10))?
-1
Calculate (-8 - (26 + 6)) + 112 + -108.
-36
What is the value of -14 + -56 + 2 + -24?
-92
Evaluate 72 + 29 - (-163 + 294).
-30
-7 - (-8 - (-2 + -3))
-4
Calculate (8 - (-5 + 3 - -2)) + 76 + -46 + 26.
64
Calculate -10 + 213 + (145 - 250).
98
(-52 - (-132 + -46)) + 0
126
(6 - (58 - 20)) + 0 + (5 - -3)
-24
75 + (58 - 261 - -104)
-24
Calculate 60 + -14 + -57 + 10.
-1
14 + 18 - (-67 - -61)
38
Calculate -16 - (-24 - (63 - 48)).
23
Calculate -10 + 0 + -1 + 56 + (-206 - -104) + 100.
43
What is the value of -72 + 56 - (-66 + 83 + (-1 - 2))?
-30
Evaluate 2 + -2 + -13 - (3583 + -3561).
-35
What is the value of 7 - (-24 + 66) - (-3 - (4 + -14 + 7))?
-35
What is the value of -84 + (110 - 51) + 4 + 2 + -1?
-20
Evaluate (-124 - (22 - 14)) + 96.
-36
Calculate -218 + 218 + (4 + 28 - (-6 - (0 - 2))).
36
What is the value of (1 - (-19 - -83)) + 98?
35
Calculate 6 + (-23 + 132 + -47 - (-2 + 9)).
61
Calculate -48 + (28 - -14) + -21.
-27
What is the value of (7 - 45) + (681 - 658)?
-15
Evaluate -2 + 1 - -99 - (-43 - (82 + -133)) - 7.
83
What is -77 - -76 - (2 + -7) - 16?
-12
Calculate 29 - (-6 + 29 + 0 + -7 + 0 + -4).
17
Evaluate -18 + 1 - (18 + -42 + (33 - (27 - 23))).
-22
Calculate -8 + -25 + -13 + 50.
4
37 - (-6 + 22) - 5 - (-2 + -120)
138
What is the value of 40 - (-104 + -48 + 147)?
45
(-10 - -2 - -14) + -6 + -15
-15
Calculate -828 + 688 - (3 + -176).
33
What is the value of -6 - (-11 + 5) - (37 - 20)?
-17
Calculate 8 - -1 - (0 - -178 - (-51 + 94 + -24)).
-150
What is 42 + 3 + (-2 - -5 - -1 - (490 + -475))?
34
What is 43 + -10 + (13 - 13) + (4 - 3) + 7?
41
Calculate (-49 - -25) + -31 + -31 + 1 + -3 + 3.
-85
What is the value of 13 + (1 - 32) + -24 - (4 - -3)?
-49
(1 - 3 - -19) + (-114 - (146 + -149))
-94
Evaluate 57 + (43 + -65 - (-2 - (-3 + 9))).
43
Evaluate 72 - (26 - (18 - (-8 + 20))).
52
2 + (-3 - (-5 - 1)) - (144 + (-48 - 15))
-76
What is -350 + 271 + (16 - -1)?
-62
Evaluate -97 + 1 + -6 + (21 - (-9 - -21)).
-93
3 + -1 + -11 + (0 - -1) + 0
-8
(12 - 21) + 685 + -679
-3
What is -3020 - -3097 - (2 + 122)?
-47
Evaluate (0 - 24) + (30 - 6) + 61.
61
Evaluate 29 - ((5 - 29) + 26).
27
Calculate -37 + -39 + (-3 - -63).
-16
Calculate 63 + (-20 - (-17 - -11)) + -8.
41
-24 + 30 + 46 - -38
90
What is -1 + 82 + -113 + 69 + 72?
109
What is the value of 4 - -2 - -2 - (-192 - -178 - (-41 + 6))?
-13
Calculate 8 - (-46 - -26) - (-6 - 17).